at is the ten thousands digit of 78036?
7
What is the units digit of 1710?
0
What is the hundreds digit of 147?
1
What is the hundreds digit of 15519?
5
What is the units digit of 1992?
2
What is the units digit of 447?
7
What is the hundreds digit of 4182?
1
What is the units digit of 22?
2
What is the hundreds digit of 19688?
6
What is the thousands digit of 3370?
3
What is the units digit of 37323?
3
What is the thousands digit of 5697?
5
What is the hundreds digit of 5202?
2
What is the hundreds digit of 2370?
3
What is the units digit of 1876?
6
What is the ten thousands digit of 43251?
4
What is the thousands digit of 27421?
7
What is the units digit of 3842?
2
What is the units digit of 46?
6
What is the ten thousands digit of 55995?
5
What is the hundreds digit of 591?
5
What is the tens digit of 3988?
8
What is the hundreds digit of 2611?
6
What is the thousands digit of 1450?
1
What is the units digit of 12143?
3
What is the tens digit of 1663?
6
What is the thousands digit of 16065?
6
What is the tens digit of 90?
9
What is the units digit of 40864?
4
What is the ten thousands digit of 33812?
3
What is the tens digit of 59003?
0
What is the thousands digit of 6018?
6
What is the tens digit of 4553?
5
What is the tens digit of 3225?
2
What is the units digit of 15692?
2
What is the tens digit of 38814?
1
What is the ten thousands digit of 29473?
2
What is the thousands digit of 14858?
4
What is the units digit of 10600?
0
What is the thousands digit of 3746?
3
What is the tens digit of 591?
9
What is the units digit of 561?
1
What is the tens digit of 4155?
5
What is the thousands digit of 1969?
1
What is the thousands digit of 8629?
8
What is the units digit of 161?
1
What is the thousands digit of 1476?
1
What is the units digit of 486?
6
What is the tens digit of 1758?
5
What is the ten thousands digit of 14167?
1
What is the tens digit of 112026?
2
What is the hundreds digit of 18332?
3
What is the hundreds digit of 1995?
9
What is the thousands digit of 2338?
2
What is the hundreds digit of 3050?
0
What is the thousands digit of 2119?
2
What is the units digit of 5795?
5
What is the thousands digit of 1059?
1
What is the hundreds digit of 20501?
5
What is the ten thousands digit of 72469?
7
What is the thousands digit of 99843?
9
What is the hundreds digit of 744?
7
What is the hundreds digit of 1160?
1
What is the thousands digit of 35709?
5
What is the hundreds digit of 8540?
5
What is the tens digit of 2321?
2
What is the thousands digit of 19860?
9
What is the hundred thousands digit of 167958?
1
What is the ten thousands digit of 14598?
1
What is the thousands digit of 18561?
8
What is the hundreds digit of 591?
5
What is the hundreds digit of 66232?
2
What is the units digit of 7484?
4
What is the units digit of 9276?
6
What is the tens digit of 1516?
1
What is the tens digit of 1017?
1
What is the tens digit of 246?
4
What is the tens digit of 11048?
4
What is the hundreds digit of 1032?
0
What is the thousands digit of 51733?
1
What is the hundred thousands digit of 139055?
1
What is the units digit of 28039?
9
What is the units digit of 1150?
0
What is the tens digit of 14844?
4
What is the thousands digit of 2173?
2
What is the tens digit of 27083?
8
What is the thousands digit of 2127?
2
What is the tens digit of 82642?
4
What is the units digit of 20312?
2
What is the thousands digit of 2241?
2
What is the units digit of 3271?
1
What is the units digit of 12322?
2
What is the hundreds digit of 717?
7
What is the hundreds digit of 21248?
2
What is the units digit of 2024?
4
What is the thousands digit of 1666?
1
What is the units digit of 732?
2
What is the hundreds digit of 7586?
5
What is the tens digit of 5540?
4
What is the hundreds digit of 7537?
5
What is the tens digit of 31?
3
What is the tens digit of 1032?
3
What is the tens digit of 1843?
4
What is the ten thousands digit of 185457?
8
What is the thousands digit of 2214?
2
What is the ten thousands digit of 10607?
1
What is the thousands digit of 1871?
1
What is the units digit of 3827?
7
What is the tens digit of 3258?
5
What is the units digit of 26376?
6
What is the ten thousands digit of 13948?
1
What is the tens digit of 3651?
5
What is the tens digit of 4440?
4
What is the units digit of 1534?
4
What is the thousands digit of 17872?
7
What is the units digit of 100?
0
What is the units digit of 8144?
4
What is the tens digit of 275?
7
What is the tens digit of 2608?
0
What is the ten thousands digit of 26652?
2
What is the ten thousands digit of 49190?
4
What is the tens digit of 5470?
7
What is the thousands digit of 8774?
8
What is the units digit of 78685?
5
What is the thousands digit of 5006?
5
What is the tens digit of 7042?
4
What is the thousands digit of 8753?
8
What is the hundreds digit of 57903?
9
What is the thousands digit of 13795?
3
What is the ten thousands digit of 61994?
6
What is the ten thousands digit of 11135?
1
What is the hundreds digit of 1661?
6
What is the units digit of 1085?
5
What is the units digit of 853?
3
What is the tens digit of 84553?
5
What is the thousands digit of 43468?
3
What is the tens digit of 168601?
0
What is the tens digit of 5550?
5
What is the units digit of 727?
7
What is the units digit of 7239?
9
What is the hundreds digit of 11207?
2
What is the hundreds digit of 104351?
3
What is the units digit of 552?
2
What is the thousands digit of 6285?
6
What is the tens digit of 133?
3
What is the hundreds digit of 26492?
4
What is the units digit of 22232?
2
What is the tens digit of 1263?
6
What is the ten thousands digit of 10680?
1
What is the ten thousands digit of 64368?
6
What is the hundreds digit of 675?
6
What is the tens digit of 9616?
1
What is the tens digit of 16982?
8
What is the tens digit of 1114?
1
What is the ten thousands digit of 144471?
4
What is the hundreds digit of 458?
4
What is the tens digit of 939?
3
What is the hundreds digit of 11794?
7
What is the thousands digit of 151925?
1
What is the tens digit of 1325?
2
What is the units digit of 1092?
2
What is the tens digit of 42516?
1
What is the tens digit of 188?
8
What is the hundreds digit of 2759?
7
What is the tens digit of 107975?
7
What is the ten thousands digit of 19013?
1
What is the hundreds digit of 2385?
3
What is the units digit of 25928?
8
What is the thousands digit of 13279?
3
What is the tens digit of 673?
7
What is the hundreds digit of 145551?
5
What is the hundreds digit of 12006?
0
What is the units digit of 43940?
0
What is the ten thousands digit of 30896?
3
What is the units digit of 26343?
3
What is the units digit of 19589?
9
What is the units digit of 9632?
2
What is the hundreds digit of 263?
2
What is the tens digit of 1762?
6
What is the tens digit of 2431?
3
What is the units digit of 2443?
3
What is the hundreds digit of 1404?
4
What is the hundreds digit of 5769?
7
What is the tens digit of 2811?
1
What is the hundreds digit of 383?
3
What is the thousands digit of 63539?
3
What is the thousands digit of 40290?
0
What is the hundreds digit of 687?
6
What is the units digit of 1408?
8
What is the hundreds digit of 111?
1
What is the thousands digit of 2817?
2
What is the thousands digit of 18143?
8
What is the hundreds digit of 7500?
5
What is the tens digit of 13787?
8
What is the ten thousands digit of 11411?
1
What is the tens digit of 44251?
5
What is the thousands digit of 15925?
5
What is the tens digit of 30817?
1
What is the units digit of 20045?
5
What is the units digit of 1593?
3
What is the tens digit of 13740?
4
What is the hundreds digit of 16006?
0
What is the tens digit of 3827?
2
What is the hundreds digit of 9597?
5
What is the units digit of 13065?
5
What is the tens digit of 13765?
6
What is the tens digit of 1217?
1
What is the ten thousands digit of 97162?
9
What is the hundreds digit of 2772?
7
What is the tens digit of 434?
3
What is the ten thousands digit of 35082?
3
What is the ten thousands digit of 131532?
3
What is the thousands digit of 188691?
8
What is the tens digit of 2171?
7
What is the hundreds digit of 4431?
4
What is the tens digit of 37195?
9
What is the ten thousands digit of 10152?
1
What is the tens digit of 541?
4
What is the hundreds digit of 3180?
